he remainder when 1854 is divided by 92.
14
Calculate the remainder when 87 is divided by 30.
27
Calculate the remainder when 283 is divided by 41.
37
What is the remainder when 187 is divided by 47?
46
Calculate the remainder when 312 is divided by 11.
4
What is the remainder when 320 is divided by 64?
0
Calculate the remainder when 1278 is divided by 282.
150
Calculate the remainder when 141 is divided by 11.
9
Calculate the remainder when 11423 is divided by 32.
31
What is the remainder when 919 is divided by 63?
37
What is the remainder when 17544 is divided by 145?
144
What is the remainder when 83 is divided by 29?
25
What is the remainder when 27 is divided by 27?
0
Calculate the remainder when 33 is divided by 16.
1
What is the remainder when 11 is divided by 3?
2
Calculate the remainder when 237 is divided by 47.
2
Calculate the remainder when 7659 is divided by 24.
3
Calculate the remainder when 511 is divided by 87.
76
Calculate the remainder when 342 is divided by 93.
63
What is the remainder when 43 is divided by 6?
1
What is the remainder when 1983 is divided by 283?
2
Calculate the remainder when 831 is divided by 63.
12
Calculate the remainder when 27 is divided by 25.
2
What is the remainder when 963 is divided by 241?
240
Calculate the remainder when 269 is divided by 30.
29
Calculate the remainder when 199 is divided by 20.
19
What is the remainder when 261 is divided by 93?
75
Calculate the remainder when 547 is divided by 31.
20
What is the remainder when 69 is divided by 50?
19
Calculate the remainder when 493 is divided by 8.
5
Calculate the remainder when 208 is divided by 53.
49
What is the remainder when 8186 is divided by 39?
35
Calculate the remainder when 4250 is divided by 1410.
20
Calculate the remainder when 65 is divided by 19.
8
What is the remainder when 89 is divided by 32?
25
Calculate the remainder when 26 is divided by 20.
6
Calculate the remainder when 78 is divided by 8.
6
What is the remainder when 51 is divided by 32?
19
What is the remainder when 51 is divided by 9?
6
What is the remainder when 176 is divided by 66?
44
What is the remainder when 258 is divided by 26?
24
What is the remainder when 609 is divided by 18?
15
Calculate the remainder when 757 is divided by 373.
11
What is the remainder when 791 is divided by 33?
32
Calculate the remainder when 1889 is divided by 105.
104
What is the remainder when 144 is divided by 64?
16
Calculate the remainder when 184 is divided by 17.
14
What is the remainder when 3676 is divided by 14?
8
What is the remainder when 69 is divided by 66?
3
Calculate the remainder when 828 is divided by 17.
12
Calculate the remainder when 4555 is divided by 43.
40
What is the remainder when 28287 is divided by 52?
51
What is the remainder when 10571 is divided by 141?
137
What is the remainder when 190 is divided by 22?
14
What is the remainder when 44174 is divided by 44?
42
What is the remainder when 137 is divided by 118?
19
Calculate the remainder when 897 is divided by 45.
42
What is the remainder when 10677 is divided by 178?
175
Calculate the remainder when 474 is divided by 40.
34
What is the remainder when 16 is divided by 3?
1
What is the remainder when 32 is divided by 27?
5
What is the remainder when 456 is divided by 154?
148
What is the remainder when 10473 is divided by 80?
73
What is the remainder when 1940 is divided by 39?
29
Calculate the remainder when 57 is divided by 8.
1
What is the remainder when 246 is divided by 77?
15
What is the remainder when 474 is divided by 105?
54
Calculate the remainder when 2428 is divided by 271.
260
Calculate the remainder when 1403 is divided by 26.
25
Calculate the remainder when 653 is divided by 109.
108
Calculate the remainder when 459 is divided by 93.
87
What is the remainder when 480 is divided by 94?
10
What is the remainder when 54 is divided by 16?
6
Calculate the remainder when 440 is divided by 64.
56
What is the remainder when 201 is divided by 107?
94
What is the remainder when 325 is divided by 82?
79
Calculate the remainder when 312 is divided by 88.
48
What is the remainder when 6399 is divided by 62?
13
What is the remainder when 25 is divided by 5?
0
What is the remainder when 69 is divided by 22?
3
Calculate the remainder when 2058 is divided by 226.
24
What is the remainder when 16743 is divided by 134?
127
What is the remainder when 1045 is divided by 42?
37
Calculate the remainder when 708 is divided by 45.
33
What is the remainder when 2525 is divided by 32?
29
Calculate the remainder when 266 is divided by 27.
23
Calculate the remainder when 84 is divided by 81.
3
What is the remainder when 263 is divided by 102?
59
Calculate the remainder when 67 is divided by 44.
23
Calculate the remainder when 1240 is divided by 111.
19
Calculate the remainder when 3050 is divided by 34.
24
What is the remainder when 1374 is divided by 105?
9
Calculate the remainder when 3954 is divided by 172.
170
What is the remainder when 493 is divided by 12?
1
What is the remainder when 1380 is divided by 45?
30
Calculate the remainder when 86 is divided by 49.
37
Calculate the remainder when 56 is divided by 45.
11
Calculate the remainder when 58 is divided by 42.
16
Calculate the remainder when 565 is divided by 117.
97
Calculate the remainder when 8447 is divided by 313.
309
What is the remainder when 191 is divided by 62?
5
What is the remainder when 302 is divided by 149?
4
Calculate the remainder when 140 is divided by 47.
46
What is the remainder when 998 is divided by 109?
17
Calculate the remainder when 519 is divided by 104.
103
What is the remainder when 3647 is divided by 1212?
11
What is the remainder when 2354 is divided by 157?
156
What is the remainder when 85 is divided by 5?
0
Calculate the remainder when 187 is divided by 39.
31
What is the remainder when 642 is divided by 563?
79
Calculate the remainder when 5945 is divided by 10.
5
What is the remainder when 104 is divided by 21?
20
Calculate the remainder when 424 is divided by 40.
24
What is the remainder when 499 is divided by 243?
13
Calculate the remainder when 529 is divided by 522.
7
What is the remainder when 1078 is divided by 13?
12
What is the remainder when 10778 is divided by 20?
18
Calculate the remainder when 78 is divided by 29.
20
What is the remainder when 183 is divided by 92?
91
What is the remainder when 280 is divided by 37?
21
Calculate the remainder when 989 is divided by 142.
137
What is the remainder when 3278 is divided by 40?
38
What is the remainder when 138 is divided by 30?
18
What is the remainder when 123 is divided by 4?
3
What is the remainder when 171 is divided by 144?
27
What is the remainder when 930 is divided by 133?
132
Calculate the remainder when 1227 is divided by 155.
142
What is the remainder when 65 is divided by 49?
16
What is the remainder when 1244 is divided by 1227?
17
Calculate the remainder when 331 is divided by 121.
89
Calculate the remainder when 1237 is divided by 21.
19
What is the remainder when 318 is divided by 3?
0
What is the remainder when 728 is divided by 16?
8
Calculate the remainder when 289 is divided by 97.
95
What is the remainder when 658 is divided by 72?
10
What is the remainder when 368 is divided by 69?
23
What is the remainder when 251 is divided by 11?
9
Calculate the remainder when 2536 is divided by 18.
16
Calculate the remainder when 138 is divided by 22.
6
What is the remainder when 115 is divided by 64?
51
What is the remainder when 26 is divided by 17?
9
Calculate the remainder when 7746 is divided by 62.
58
Calculate the remainder when 157 is divided by 29.
12
What is the remainder when 77 is divided by 69?
8
Calculate the remainder when 242 is divided by 10.
2
What is the remainder when 114 is divided by 13?
10
Calculate the remainder when 2148 is divided by 57.
39
Calculate the remainder when 248 is divided by 240.
8
What is the remainder when 2293 is divided by 82?
79
Calculate the remainder when 700 is divided by 44.
40
Calculate the remainder when 434 is divided by 43.
4
Calculate the remainder when 703 is divided by 32.
31
What is the remainder when 881 is divided by 146?
5
Calculate the remainder when 69 is divided by 10.
9
What is the remainder when 